1)?
3
Let y = -59 - -104. Suppose 2*g + y = 167. What is the tens digit of g?
6
Let v(g) be the third derivative of 37*g**4/24 + 2*g**3/3 - 10*g**2. What is the hundreds digit of v(3)?
1
Suppose -i - 10 = i. Let z = -5 - i. Suppose z = 2*o - 30 - 2. What is the units digit of o?
6
Let a = -147 + 286. What is the units digit of a?
9
Suppose -6*x = 2*x + 376. Let s = -23 - x. What is the units digit of s?
4
What is the thousands digit of (4 + -4 + -13677)/(-3)?
4
Let u be ((-5)/5)/1*-3. Suppose -55 = -u*t + 29. What is the tens digit of t?
2
Let f(b) = 5*b**3 + 3*b**2 - 2*b + 1. Let w be (-20)/((-4)/1) - 3. Let j be f(w). Suppose 0*t - 5*p = -t + j, 3*t - 62 = -2*p. What is the tens digit of t?
2
Let y(d) = 37*d - 5. What is the units digit of y(27)?
4
Let w = 35 + -33. Suppose k + 5*c + 41 = 0, w*k - 109 = 7*k + c. Let b = k + 25. What is the units digit of b?
4
Let o(k) = 2*k**3 - 5*k**2 + 4*k. Let b be o(2). Suppose 54 = 5*y + b. What is the tens digit of y?
1
Let z(k) = -35*k**2 + 4*k + 2. Let x be z(2). Let s be ((-2)/(-4))/(13/x). What is the units digit of s - 0 - -2 - -72?
9
Suppose 15285 + 2795 = 10*p. What is the units digit of p?
8
Let h = -413 - -3968. What is the units digit of h?
5
Let a(w) = -217*w - 89. What is the units digit of a(-7)?
0
Let y(u) = u + 14. Suppose -14*r = -11*r + 36. Let o = 20 + r. What is the units digit of y(o)?
2
Let r be 8/2*(-3)/(-4). Suppose -k = 6 - 13. Suppose r*v = -k + 19. What is the units digit of v?
4
Suppose -2*t + d - 74 = -6*t, -3*d - 82 = -4*t. Suppose -3*p = 14 - 17. What is the tens digit of t + -6 - (0 + p)?
1
Suppose -2*k + 108 = -0*k. Let u = -13 + k. What is the tens digit of u?
4
Let c be (-76)/(-3) + (-1)/3. Let n(f) = 3*f - 10. Let d be n(5). Suppose 3*x = -5*m + c, -4*m - d*x = -x - 12. What is the units digit of m?
8
Let d = 3 + 4. What is the units digit of d/28*144/14*28?
2
Suppose 5*b - 2*l - 30 = 0, 3*l - 4*l = -4*b + 27. Suppose 4*x = b + 4. Suppose 0 = 5*w - 2*k - 116, 3*w - 30 = 2*w - x*k. What is the units digit of w?
4
Let w = 13 - 13. What is the units digit of ((-423)/(-4) - w) + 4/16?
6
Suppose 7*p - 3*p = -5*m - 24, -30 = 5*p + 2*m. Let f be -1 + p/(6/7). What is the tens digit of (-1507)/(-77) - f/(-14)?
1
Suppose -n + 2*n = -7. Let j be ((-56)/49)/(2/n). Suppose 5*s = j*p - 248, -5*s + 0*s = 20. What is the units digit of p?
7
Let x(d) = -d**3 - 16*d**2 + 15*d - 9. Let j be x(-17). Suppose -33 = -f + j. What is the units digit of f?
8
Suppose 2*i - t - 1 = i, -4*t = 4*i - 20. Let o(y) = 0*y - 7 + y**i + 0*y + 0*y. What is the tens digit of o(4)?
5
Suppose -153*q - 985 = -158*q. What is the hundreds digit of q?
1
Let t(j) be the first derivative of j**3/3 - 3*j**2 + j - 6. What is the units digit of t(6)?
1
Let m = 3042 - 1285. What is the hundreds digit of m?
7
Let r be 152/1 - (-1 - 2). Suppose -5*m - r = -0*m. Let n = m + 52. What is the tens digit of n?
2
Suppose -4*p + 0*p = 0. Suppose p*j + 19 = j. What is the tens digit of 0/(-3) - (0 - j)?
1
Let u be (-1)/(-5) + 14/(-70). Let q be 5 + -4 - (1 + u). Let w(s) = -s**3 + s**2 + 5. What is the units digit of w(q)?
5
Suppose -112 = -3*b + 11. What is the tens digit of b?
4
Let g(y) = y**2 + 9*y + 12. Let i(h) = h**2 + 8*h + 6. Let l be i(-5). Let s be g(l). What is the tens digit of (0 + s/(-9))*-12?
1
Let v(n) = -n**3 + 44*n**2 + 32*n - 74. What is the units digit of v(44)?
4
Suppose 2 = 2*n, n = x + 3 - 5. Suppose -x*m = -6*m + 6. Suppose 132 = -m*v + 6*v. What is the units digit of v?
3
Let t = 1 + 3. What is the units digit of (3 - t) + 40 - -4?
3
Suppose -1941 = 39*t - 25965. What is the hundreds digit of t?
6
Suppose -v - 2*j = -72, 4*v - j - 276 = -3*j. Let x = v + -64. What is the units digit of x?
4
Suppose 2*i = -2*i - 5968. Let y be 4/(-6) - i/6. Suppose 4*v - 5*z - y = 0, v = -3*v - z + 272. What is the units digit of v?
7
Let r(o) = -o + 14. Let b be r(14). Let u(x) = x**3 - x**2 + 2*x + 66. What is the tens digit of u(b)?
6
Suppose -199 + 780 = 4*l + 5*v, 0 = -3*v - 9. What is the hundreds digit of l?
1
Let k be (-43)/(-4) - (-2)/8. Let m(l) be the third derivative of l**4/8 - 4*l**3/3 + 136*l**2. What is the tens digit of m(k)?
2
Suppose -3*i = 4*r + 162, -i - 2*i + 2*r - 162 = 0. Suppose 5*j = q - 123, 2*q - 45*j = -44*j + 201. Let w = i + q. What is the tens digit of w?
4
Let x = -13 - -16. Suppose x*d - 1 = 2. What is the units digit of d*(-2 + -54)/(-2)?
8
Let f be 5/4 + 6/8. Let u(h) = 30*h**f - 1 - 2 + 3*h + 1 + 0. What is the tens digit of u(1)?
3
Suppose 788 = 9*t - 1147. What is the units digit of t?
5
Suppose 2*g + 2*g - 2100 = 0. Let n = -1045 + 1087. What is the tens digit of (g/n)/((-1)/(-4))?
5
Suppose 4*d + 6 = -z, 2*z = -4*d - 2 - 2. Let w(p) = 1 + 7*p**2 - 2 + 21*p**z. What is the units digit of w(-1)?
7
Let q(t) = t**3 - 3*t**2 - 5*t + 3. Let j be q(6). Suppose 4*m + 19 = -j. What is the units digit of 5*5/(m/(-12))?
2
Let k(q) = -51*q + 81. What is the units digit of k(-7)?
8
Let u(o) = -2*o**2 - 11*o - 18. Let g be u(-6). Let t be 3/(-3)*17 - -1. Let q = t - g. What is the units digit of q?
8
Let v(j) = j**2 - 11*j + 10. Let b be v(12). What is the units digit of 4/b + 17/((-1122)/(-5796))?
8
Let a be (((-20)/6)/1)/(6/(-9)). Suppose 0*w + a*r = 2*w - 54, -3*w - 3*r + 60 = 0. What is the units digit of w?
2
Let a = 139 - 225. Let x = a - -145. What is the tens digit of x?
5
Let o = -27 + 29. Let t be (1340/(-10))/(-1*o). Suppose 4*a = t + 9. What is the units digit of a?
9
Suppose 3*x - 11 = 1. Suppose 203 = x*d + 3*d. What is the units digit of d?
9
Let y(j) = -j**3 - 25*j**2 - 24*j + 13. Let d be (-10 - -22)/((-2)/4). What is the units digit of y(d)?
3
Let d(o) = 2254*o**2 + 11*o + 11. What is the thousands digit of d(-1)?
2
Let b(s) = -s + 3. Let n(p) = -2*p + 5. Let z(x) = -7*b(x) + 5*n(x). Let a be z(7). What is the tens digit of (-1 - a/4)*4?
1
Let u(g) = g**2 - 18*g + 20. Let i be u(17). Suppose 2 = -i*k - 5*v, k = 4*v - 3*v + 2. What is the units digit of (((-18)/2)/(-3))/k?
3
What is the hundreds digit of ((-20994)/18)/(32/(-24) + 1)?
4
Let w = -241 - -311. What is the tens digit of w?
7
Suppose -3 = -7*l + 4. Let c be l - -48 - (-5 + 8). Suppose 38 = 5*d - 4*j, 0 = -2*d - 2*d - 2*j + c. What is the tens digit of d?
1
Let y(t) = 19 + t - 4*t + t + 0*t. What is the units digit of y(5)?
9
Let t(d) = -d + 2 - 8 + 38*d**2 + 8. What is the units digit of t(1)?
9
Let q(v) = -1634*v + 4. Let l be q(-4). Suppose 0 = 5*j - l - 615. What is the units digit of ((-1)/3)/((-9)/j)?
3
Let c = -13 - -18. Suppose -7 = -l - 3*w + 2, -c*w = 25. What is the units digit of l?
4
Let r(f) = 10*f - 5. Let l(u) = 11*u - 5. Let d(q) = -5*l(q) + 6*r(q). Let k = -248 + 255. What is the tens digit of d(k)?
3
Let m(y) = 61*y - 8. Let g be 3*((-10)/(-6) + -1). What is the hundreds digit of m(g)?
1
Let h = -6 - 3. Let f = h - -28. Suppose 5*a + f = 6*a. What is the tens digit of a?
1
Let c = 47 - 45. What is the tens digit of (18/4 - c)*(-20)/(-1)?
5
Let p = 36 + -56. Let k = 123 - 179. What is the units digit of (k/p + -2)*30?
4
Let r = 10 + -26. What is the units digit of 4 - 172/(r/4)?
7
Let j = 1145 - 470. What is the tens digit of j?
7
What is the tens digit of (3/5)/(((-90)/9)/(-15050))?
0
Let g = -351 - -976. What is the hundreds digit of g?
6
Suppose 2*y = -7*y + 63. Let n(a) = 14*a + 31. What is the hundreds digit of n(y)?
1
What is the units digit of (530/(-40))/((-1)/116)?
7
Let l(d) = -d - 9. Let z(j) = -j + 1. Let i(m) = l(m) - 6*z(m). What is the units digit of i(17)?
0
Let m = -14 + 20. Let f be 182/(-21)*m/4. What is the tens digit of 1/2*(-1118)/f?
4
Let l = 2025 + -747. What is the hundreds digit of l?
2
Let i(n) = 20 - 6 - n + 6. Let u be i(16). Suppose -2*j + 6*j + b - 225 = 0, 102 = 2*j + u*b. What is the tens digit of j?
5
Suppose -391 = -i - 5*j, -2*i - j + 827 = -0*i. What is the units digit of i?
6
Let f(o) = -6*o**3 + 4*o**2 + 2*o + 3. Let c be f(-3). Suppose c = 3*d - 75. What is the tens digit of d?
9
Suppose 4*i - 8*i + 4 = 0. Let s be -8 + 4 - i - -4. What is the tens digit of (s/(-4))/((-1)/(-52))?
1
Suppose 0 = -k + 4, -4*b - k - 568 = -0*k. Let x = -470 + 253. Let j = b - x. What is the units digit of j?
4
Suppose -15 = j - 6*j. Suppose 3*v = 3*w + 294, 190 = -0*v + 2*v